of c and 45?
9
Let c(g) = -2*g**3 + 3*g**2 + 3*g + 5. Let h be c(-2). Suppose -y - 17 = -5*i, 0 = 6*y - 2*y - i - h. Calculate the highest common factor of 16 and y.
8
Let h be (-2 - -2 - -47) + 2. Let p be 82/943 - (-318)/46. Calculate the highest common divisor of h and p.
7
Suppose -3*v - h - 238 = 0, -5*v - 4*h = 627 - 221. Let w = 120 + v. Calculate the greatest common factor of w and 6.
6
Let w(f) = f - 9. Let x be w(4). Let g be -5 - (1 - (-50)/x). What is the greatest common factor of 8 and g?
4
Let c be (368/(-276))/(1 - (-70)/(-69)). Calculate the greatest common factor of 138 and c.
46
Suppose 142*h = 138*h + 4704. What is the greatest common divisor of h and 24?
24
Suppose 0 = -2*q + 4*r, 0 = -r - 2. Let h be (-4 - 72/(-15))/(q/(-70)). Calculate the highest common divisor of h and 84.
14
Let n(z) = z**3 + 10*z**2 - 8*z - 5. Let i(p) = -p**3 + 17*p**2 - 18*p + 22. Let v be i(16). Let r be n(v). What is the greatest common factor of r and 25?
25
Suppose -7*l = -5*l. Suppose l = -f + 3*f - 14. What is the greatest common divisor of 77 and f?
7
Suppose -26*v = -1290 + 120. Suppose -5*l + 47 = 4*a, -2*a + 15 = 5*l + 4. Calculate the highest common factor of v and a.
9
Let c = 386 - 321. Calculate the highest common divisor of 5 and c.
5
Let j = 53 - 56. Let b(z) = z + 12. Let t be b(j). Calculate the greatest common factor of t and 72.
9
Suppose 0 = -q - 3*v + 2*v + 161, -q + 3*v + 145 = 0. Let k = 493 - q. What is the greatest common divisor of k and 42?
42
Suppose 0 = 92*b + 273 - 4689. What is the greatest common divisor of b and 42?
6
Let h = 85 - 62. Calculate the highest common divisor of h and 667.
23
Suppose 1513*m + 1260 = 1527*m. What is the greatest common factor of 144 and m?
18
Suppose -3*l + 4*m = -265, -l + 3*l + 2*m - 200 = 0. Let o be (-76)/3*72/(-96). What is the greatest common factor of l and o?
19
Suppose -3*f = 3*z - 96, 3*f + 2*f + 56 = 3*z. Let g = 23 - z. Let i be 16 + (g - 0)*-1. What is the highest common divisor of 20 and i?
20
Let x = 32 - 22. Suppose 19 = l + x. Let a(i) = -62*i + 1. Let b be a(-1). What is the greatest common factor of b and l?
9
Let i be 2/8 + (-94)/(-8). Suppose 5*g + 5*f + i = 62, f = 4. Suppose z + 40 = g*z. Calculate the highest common factor of 8 and z.
8
Let o(v) = -10*v + 393. Let s be o(0). Suppose -10*k + 27 = -s. Let x = 93 + -65. What is the highest common factor of k and x?
14
Suppose 16*l - 19*l + 600 = 0. Calculate the highest common factor of l and 50.
50
Suppose 2*j + 2*a + 33 = 383, -2*j = 5*a - 365. Calculate the highest common factor of j and 10.
10
Let l(x) = -2*x**3 + x**2 + x + 1. Let b be l(-1). Let v = b - -34. Let w = -18 + v. Calculate the greatest common factor of w and 19.
19
Let n be 74 + 0*5/(-20). Let r = 88 - n. What is the highest common divisor of 6 and r?
2
Suppose -4*u - 31 = -279. Let f = -147 + 54. Let l be ((-10 - -2)/4)/(2/f). Calculate the greatest common divisor of l and u.
31
Let g be 2/7 - (-752)/14. Suppose 0 = -3*j + 143 - 104. Suppose -18*r + j*r + 30 = 0. Calculate the highest common divisor of r and g.
6
Suppose 0 = 3*n - 3*h - 141, 3*n - 49 - 100 = 5*h. Let t = -23 + n. Let r = -20 - -28. Calculate the highest common factor of r and t.
4
Let z = -183 + 208. What is the highest common factor of 425 and z?
25
Let q be (-4)/2 - (-73 + 9). Suppose -3*c = -q - 289. Calculate the highest common divisor of 13 and c.
13
Let h(x) = -2*x**3 + 2*x**2 - 2*x - 4. Let m be h(-3). Calculate the greatest common divisor of m and 962.
74
Suppose -67 = -3*x + 119. What is the greatest common factor of x and 1922?
62
Let o = 267 + 83. Let u = o + -222. Let s = 1269 + -1253. Calculate the highest common divisor of u and s.
16
Let p(x) = 5*x. Let z be p(2). Let m be 26 - (-3 + 11)*5/(-10). Calculate the highest common factor of m and z.
10
Let v = -151 - -253. What is the highest common divisor of 34 and v?
34
Suppose 49 + 44 = u. Calculate the greatest common factor of u and 3.
3
Suppose j = -14*j + 30. Calculate the greatest common factor of j and 16.
2
Let d(w) = w**3 + 5*w**2 + 2*w + 4. Let m be d(-5). Let t be (-2)/(-52)*74 - m/39. What is the greatest common factor of t and 27?
3
Let o be (-7)/(((-27)/6)/9*2). Let b be (4 + -1)*(-2 - -3). Suppose b*p - 8*p = -105. What is the highest common divisor of o and p?
7
Suppose 4*n - 423 = 117. Suppose -1052 = -75*k + 73. What is the greatest common factor of n and k?
15
Suppose 0 = 955*x - 970*x + 1200. Calculate the greatest common divisor of x and 768.
16
Let b(r) = r**2 - 19*r - 8. Let y be b(20). Calculate the highest common factor of y and 132.
12
Let h(m) = 3*m + 23. Let y(l) = -7*l + 1. Let w be y(1). Let d be h(w). What is the greatest common factor of d and 85?
5
Let h(u) = u**3 - 3*u**2 + 2*u - 2. Let n be h(4). Suppose 4*j - 8 = 3*b + b, 3*j - n = -5*b. What is the highest common factor of 8 and b?
2
Suppose 23*b = 30*b - 17220. Calculate the greatest common factor of 60 and b.
60
Let d = -4 + 7. Suppose v - 3*v + 46 = 2*k, -d*v + k + 77 = 0. Let b be (-68)/(-5) - 15/v. What is the greatest common divisor of b and 65?
13
Let c = 10 + -5. Let m(i) = -i**2 + 6*i + 5. Let o be m(c). Let l be (-108 + -2)*(-4 + 5 - 2). What is the greatest common divisor of l and o?
10
Let j be 0/(-1)*(-3 - -2). Suppose q - 3*a + 0*a - 137 = j, -q + 142 = 2*a. Suppose 0 = 2*m - 6*m + q. What is the greatest common divisor of 5 and m?
5
Let s = -13 - -34. What is the highest common divisor of s and 28?
7
Let a(j) = -j**2 - 7*j + 11. Let d be a(-11). Let m be (d/22)/(2/(-52)). What is the greatest common divisor of m and 39?
39
Suppose -10*q = -14*q + 4. Suppose -5*y = -4*c - 33, -3*c - 5 = q. What is the highest common divisor of 55 and y?
5
Let l(y) = y**3 - 16*y**2 + 17*y - 8. Let m be l(15). Suppose -5*q + q = 3*x - 86, -3*q = 3*x - 81. What is the highest common factor of m and x?
22
Suppose -o = 3*o + 12. Let q be o/(-12) - (-21)/12. Suppose -q*a - 9 = -3*a. Calculate the greatest common divisor of a and 18.
9
Suppose -12*p = -15*p + 45. What is the greatest common factor of p and 120?
15
Suppose 5*x = 2*j + 9, 0*j + 9 = j + 2*x. Suppose -h = j*h + 2*t + 10, -2*h = 3*t + 7. Let b = 3 - h. Calculate the greatest common divisor of 5 and b.
5
Suppose -r + 218 = 3*m - 343, 3*r + 4*m = 1663. Calculate the highest common factor of 9 and r.
9
Let z(h) = h**2 - 18*h - 69. Let c be z(22). Calculate the greatest common divisor of c and 19.
19
Suppose 21 = 2*h - 15. Calculate the highest common factor of h and 90.
18
Let q(u) be the first derivative of 3*u**2/2 - 23*u + 6. Let r be q(8). What is the greatest common divisor of 3 and r?
1
Suppose -6*z - 16 + 34 = 0. Calculate the highest common factor of z and 33.
3
Suppose -w + 3 = 0, -w = -3*p + 1 + 5. Suppose -p*q + 39 = -4*x, -q = -5*x + 3*q - 50. Let m be (52/x)/(2/(-6)). What is the highest common divisor of m and 65?
13
Let x = -64 + 108. Let z = x + -17. What is the greatest common divisor of 27 and z?
27
Suppose 7*p + 8 = 3*p. Let g be (p/(-4))/((-4 + -2)/(-156)). What is the highest common factor of 13 and g?
13
Suppose -4*h - 800 = 3*r, 0*h - 200 = h - 4*r. Let p be ((-24)/10)/(15/h). Calculate the greatest common factor of 48 and p.
16
Suppose -k = 2*k - 72. Let q = 440 + -116. Let v be ((-4)/(-3))/((-4)/(q/(-3))). What is the highest common factor of v and k?
12
Let v be 6 + 2 - (11 + -219). Calculate the highest common factor of v and 60.
12
Suppose 92*p - 180 = 82*p. What is the highest common factor of 54 and p?
18
Suppose 29*s - 39*s + 1690 = 0. Calculate the greatest common divisor of 65 and s.
13
Let j = -26 - -110. Let s be 3*4/(-36)*-21. Let q be (s/(-3))/((-3)/27). What is the highest common factor of j and q?
21
Let r(m) = m**3 - 3*m**2 - 2*m + 3. Let i be r(4). Let s be (1/2)/((-1)/(-2)). Calculate the highest common divisor of i and s.
1
Let k = 435 - -16. What is the highest common divisor of k and 123?
41
Let k = -326 + 380. What is the greatest common factor of 2 and k?
2
Let z be (1 + -2)/((-7)/(-42)). Let w be (-16 + 25)*(-38)/z. Calculate the highest common divisor of w and 38.
19
Let i(k) = -k + 17. Let h be i(13). Suppose 3*t - 5*s = 15 - 5, -2*t - h*s = -14. What is the greatest common divisor of 5 and t?
5
Suppose -3*n + c + 24 = 0, -3*n + 13